et n(y) = 15*y**2 + 8*y - 5. Let l be n(-7). Suppose -3*i + l = -i. Is i prime?
True
Let r(d) = -7*d**2 - 18*d - 4. Let v be r(-8). Suppose -2855 = q - 6*q. Let m = q + v. Is m a composite number?
False
Let z(o) be the first derivative of -4*o**2 + 5*o + 1. Let f be 2/2 + -2 + -3. Is z(f) prime?
True
Suppose 4*s - 4*v = 1 - 5, -20 = -4*s - 4*v. Suppose -h + 0 - 8 = -3*y, 0 = 4*y - h - 11. Suppose -y*l = s*l - 885. Is l composite?
True
Suppose 0 = -6*s + s + 5*r + 2000, -2*s + 798 = -4*r. Suppose 2*x - 4*x = 3*v + 800, x + 2*v = -s. Let o = -128 - x. Is o a composite number?
False
Let l = 3 - 4. Let z = l - -2. Is 3/z*(6 - 1) composite?
True
Suppose -15 = -5*l + 4*b, -30 + 7 = -2*l + 5*b. Is 51/(-6)*6/l a prime number?
False
Suppose -6*s + 2*s + 12 = 0. Suppose 189 = 5*m + 4*t - 248, 5*t = -s*m + 270. Is m prime?
False
Let m = 25 - -226. Is m a prime number?
True
Let o = -1 + 0. Is (-3)/(-3)*o - -90 a composite number?
False
Suppose -13*c = -6*c - 889. Is c a prime number?
True
Let j(c) = -c - 31. Let u be j(0). Let x = 14 - 8. Let m = x - u. Is m composite?
False
Let t be 2*((-57)/(-6) - -3). Is 47/5 - (-15)/t prime?
False
Let u(x) = 233*x + 6. Is u(5) prime?
True
Suppose -12*q + 1865 = -7*q. Is q a composite number?
False
Suppose 4*k = -4*b - 0*b + 4, 3 = -b. Suppose 0 = -2*v + 40 + k. Is v prime?
False
Let r = 0 + 2. Is 8*r + 5 + -2 prime?
True
Let s(u) = u + 2 + 1 + 4 + 0. Is s(-3) composite?
True
Let h(x) = x**3 + 3*x**2 + 2*x + 4. Let j be h(-3). Is 42*j/(0 - 4) prime?
False
Let x(h) = -5*h**3 + 9*h**2 - 10*h + 13. Let y(n) = 9*n**3 - 18*n**2 + 20*n - 25. Let b(c) = 7*x(c) + 4*y(c). Is b(8) a prime number?
True
Suppose 2 = -5*q - 3. Is (-1754)/(-8) + q/4 composite?
True
Let u be 100/15*(-90)/(-4). Let h = u - 83. Is h a composite number?
False
Suppose 0 = -6*p + 1323 + 1083. Is p prime?
True
Let q = 174 - 117. Let w(o) = -o**3 - o**2 - 2. Let k be w(-2). Suppose k*p = -p + q. Is p prime?
True
Let p(b) = b**3 - b**2 + 69. Is p(0) prime?
False
Suppose 2*i = -4*q - 2*i + 12, -5*q = -5*i + 15. Let n be (q/(-3) - -6)/(-1). Is (-352)/n + (-10)/15 a prime number?
False
Let w = 7465 - 10535. Is (w/(-25))/((-4)/(-10)) a prime number?
True
Let h(f) = -f**2 - f - 2. Let g be h(2). Let m be (g/(-20))/((-2)/(-10)). Suppose -2*z = m - 32. Is z composite?
True
Let p = 278 + -159. Suppose q + 4*g = 2*q - p, 2*q + 4*g = 238. Is q composite?
True
Suppose -3*p + 15 = 2*p. Suppose -p*r - 2*j = 11 - 772, 1305 = 5*r - 4*j. Is r a composite number?
False
Let n be ((2 - 2) + -174)*-5. Suppose -2*x - 4*d + n = 0, -5*x - 6*d = -2*d - 2151. Is x a prime number?
False
Let l(m) = 70*m + 1. Is l(3) prime?
True
Suppose 2*k = k + 471. Is k composite?
True
Suppose 0 = 9*m - 6*m - 1515. Is m prime?
False
Let o(u) = -408*u**3 - u. Is o(-1) a prime number?
True
Let r(g) = 50*g + 21. Let u be r(-4). Suppose -853 = 3*i - 79. Let a = u - i. Is a a composite number?
False
Is (-22)/55 + (-2047)/(-5) prime?
True
Let h = 3 + 0. Suppose 2*v - h*v = -67. Is v a composite number?
False
Let f(v) = v**3 + 4*v**2 - 5*v + 3. Let r be f(-5). Is r + (-7)/(-2)*32 a composite number?
True
Let r = 114 + 19. Is r a prime number?
False
Suppose 0 = 10*x - 8*x. Is 414 + (x - (-1)/(-1)) composite?
True
Suppose -2*j - 18 + 0 = 0. Let b be ((j + 1)*-1)/2. Suppose -274 = -2*p + b*r, 4*p - r = -3*r + 498. Is p a prime number?
True
Is 16 - (6/(-1) + 3) composite?
False
Suppose 5*s - 2*z - 1985 = 0, z - 1588 = -4*s - 2*z. Is s prime?
True
Let a(c) = -245*c + 16. Is a(-3) a prime number?
True
Let d(c) = -c**3 - 3*c**2 + 2*c - 2. Suppose -3*i = 3 + 6. Let k be d(i). Let w = 17 - k. Is w prime?
False
Suppose -3*w - 8 = s, 0*w + 9 = -2*w + 3*s. Let c be ((-4)/3)/(2/w). Suppose 5*k - 57 = -c*l - 0*l, -5*k - 4*l + 59 = 0. Is k a composite number?
False
Let z(u) = -2*u**2 + 1. Let o be z(-1). Let x be (-4)/2 - 4/o. Suppose 2*q - 81 = 5*s, 48 = x*q + 3*s - 9. Is q a composite number?
True
Let j = -12 + 17. Suppose 0 = -2*o + 3*i + 74, -j*o - 4*i + 156 = -29. Is o composite?
False
Is (-4 - -1)/(3*(-1)/2633) a composite number?
False
Let c be (-24)/(-4)*(2 - 3). Let x(w) = -33*w + 11. Is x(c) composite?
True
Let o(u) = -u**3 + 9*u**2 - 5*u - 8. Let b be o(8). Suppose 4*w + l - 16 = 6*l, 0 = 4*w + 2*l - b. Is w/(-6) - 563/(-3) a composite number?
True
Suppose 0 = 2*u + 3*u. Suppose 0 = 4*r - 4*k - 35 - 25, -3*k - 15 = u. Is r a prime number?
False
Suppose -60 = 7*o - 4*o. Is ((-75)/o)/((-2)/(-8)) a prime number?
False
Suppose 0 = -3*n - 12, n + 39 = 6*g - g. Suppose -32 = -3*m + g. Is m a prime number?
True
Suppose 2*x - 8479 = 819. Is x prime?
True
Let w(d) = -16*d + 1. Let n be 1*((-3)/3 + 0). Let z be w(n). Let r = z - -52. Is r prime?
False
Suppose -54 - 64 = -2*z. Is z prime?
True
Let h(t) = t + 7. Let o be h(-7). Suppose 15 = -2*m - 5*u, o = -4*m + 3*m - u - 3. Let p = 9 + m. Is p a prime number?
False
Suppose -x + 0 = -5. Suppose 4*a - 7 = x. Suppose a*m - m - 12 = 0. Is m a composite number?
True
Let j(w) = w + 1. Let g = 4 - 7. Let o be j(g). Let i(a) = -14*a**3 - a**2 + 4*a + 3. Is i(o) prime?
True
Suppose 0 = -4*r + 6 + 2. Suppose -6 + 0 = -i. Suppose -r*w + i*q + 94 = q, 4*w - 132 = -4*q. Is w a composite number?
False
Let d = -62 + 549. Is d a composite number?
False
Suppose 2*j + 1 = -3. Is (-159)/12*2*j prime?
True
Let j = 469 - 258. Is j a prime number?
True
Let d(k) = 15*k**2 + k + 13. Is d(4) prime?
True
Suppose 3*n = s + 119, 0 = -2*n + s + 3*s + 96. Let t = 291 - n. Suppose 0*c + 4*c = -2*j + 356, 3*c = 2*j + t. Is c a prime number?
False
Let h(g) = 30*g. Let q be h(1). Let m be (-10)/(-25) - (-26)/10. Suppose -5*o + 4*s = -31, 2*o + m*o - q = 5*s. Is o composite?
False
Suppose 2*p + 5*j = 2*j + 1, -4*j - 7 = p. Suppose 0 = 3*q + 2*m - 4*m - 599, p = -5*m. Is q prime?
True
Let q(b) = -3*b + 229 + 5*b + 36. Is q(0) prime?
False
Let l = -162 + 85. Let q be (-38)/(-14) + (-22)/l. Suppose -q*w + 925 = 2*w. Is w composite?
True
Let r(x) = 3*x**2 + 2*x + 3. Let l be r(-2). Let m be 2 - (l + -1) - 2. Let w = m - -43. Is w a prime number?
False
Suppose -4*q + q - 255 = 0. Let r = q + 167. Is r prime?
False
Let i = 2296 + -753. Is i a prime number?
True
Let u be (-3362)/(-22) + (-4)/(-22). Let r = u - 26. Is r composite?
False
Suppose -d = -3*d + 8. Let c(a) = a**2 - 2*a + 2. Is c(d) composite?
True
Suppose 0 = 21*s - 20*s - 1529. Is s prime?
False
Let x = -1 + 4. Suppose 425 + 22 = x*v. Is v a composite number?
False
Let s(k) = -k**2 + 7*k - 10. Let f be s(10). Suppose 2*j = -7 - 3. Let v = j - f. Is v prime?
False
Let f(k) be the first derivative of k**4/4 + 2*k**3 + 5*k**2/2 - 8*k + 2. Let w be f(-6). Let x = -19 - w. Is x a prime number?
True
Let u be -5*(3 - 461/5). Is (3 + 5/(-2))*u composite?
False
Suppose -2622 = -5*j + 283. Is j composite?
True
Let u(x) = -x**2 - 3*x. Suppose 2*q = -d - 13, -16 = d + d + 2*q. Let f be u(d). Suppose f = -2*l + z + 234, l - 2*z - 7 = 116. Is l prime?
False
Suppose 2*k = -0*k + 4. Let v be (-6)/(-9) + k/(-3). Suppose 3*o - o - 68 = v. Is o a composite number?
True
Suppose 3*l + 52 = -122. Let o be l/(-7) + (-6)/21. Suppose -2*b = -o, 5*v = 4*b + b + 135. Is v a composite number?
False
Let f(o) = -309*o**3 + o**2 - 1. Let d be f(-1). Suppose 0 = -4*t + d - 13. Is t prime?
False
Is 226*4/(12 + -4) a prime number?
True
Suppose -4*r + 24 = 4*y, 7 = -2*y + 5*r - 2. Suppose -2*z = -2*u + 6, 6*u = y*u + 15. Suppose 4*a - 452 = 5*f, z*a - 4*f + 2*f - 226 = 0. Is a composite?
False
Suppose 0 = 3*a + 4*r - 11, 2*r = 3*a - 3*r - 20. Let c(m) = 2*m - 5. Let q be c(a). Suppose 0 = 4*z - q*h - 103, 0 = 2*h - 3*h - 3. Is z prime?
False
Suppose 4*l - 294 = 5*c, -l - 57 = 5*c - 4*c. Let d = 91 + c. Is d composite?
True
Let s = 288 - 85. Is s prime?
False
Is ((-1976)/(-12))/((-8)/(-12)) composite?
True
Suppose -9 = 3*s, 6 = -4*n + 5*s + 41. Suppose -389 = -n*u + 396. Is u a composite number?
False
Let v(q) = 25*q**2 + 6*q - 14. Is v(-7) a composite number?
True
Suppose -6 + 3 = 2*h - 5*n, 3*h + 15 = -3*n. Suppose -3*b - 2*f = -f + 116, -4*f + 176 = -4*b. Is (-2)/(-4)*h - b a composite number?
True
Let w(a) = a - 7. Let q be w(6). Let m(o) = -3*o**3 - 2*o**2 - 2*o - 1. Let j be m(q). Suppose -567 = -4*k - 3*i + j*i, 3*i + 132 = k. Is k composite?
True
Let n(w) = w**2 + 3*w - 7.